{"id":361,"date":"2021-10-20T10:41:20","date_gmt":"2021-10-20T10:41:20","guid":{"rendered":"http:\/\/sitzmodule.de\/?page_id=361"},"modified":"2021-11-10T16:54:47","modified_gmt":"2021-11-10T16:54:47","slug":"impressum","status":"publish","type":"page","link":"https:\/\/sitzmodule.de\/?page_id=361","title":{"rendered":"Impressum"},"content":{"rendered":"\t\t<div data-elementor-type=\"wp-page\" data-elementor-id=\"361\" class=\"elementor elementor-361\">\n\t\t\t\t\t\t<section class=\"elementor-section elementor-top-section elementor-element elementor-element-42ae12e elementor-section-boxed elementor-section-height-default elementor-section-height-default\" data-id=\"42ae12e\" data-element_type=\"section\" data-e-type=\"section\">\n\t\t\t\t\t\t<div class=\"elementor-container elementor-column-gap-default\">\n\t\t\t\t\t<div class=\"elementor-column elementor-col-100 elementor-top-column elementor-element elementor-element-be59969\" data-id=\"be59969\" data-element_type=\"column\" data-e-type=\"column\">\n\t\t\t<div class=\"elementor-widget-wrap elementor-element-populated\">\n\t\t\t\t\t\t<div class=\"elementor-element elementor-element-0bdb506 elementor-widget elementor-widget-text-editor\" data-id=\"0bdb506\" data-element_type=\"widget\" data-e-type=\"widget\" data-widget_type=\"text-editor.default\">\n\t\t\t\t<div class=\"elementor-widget-container\">\n\t\t\t\t\t\t\t\t\t<table class=\"content\" border=\"0\" cellspacing=\"0\" cellpadding=\"0\"><tbody><tr><td class=\"contentHeadLine\" colspan=\"2\">Impressum<\/td><\/tr><tr><td colspan=\"3\">\u00a0<\/td><\/tr><tr><td>\u00a0<\/td><td class=\"contentLine\" align=\"center\" width=\"20%\">Name<\/td><td class=\"contentLine\">Jan Grossmann<\/td><\/tr><tr><td>\u00a0<\/td><td class=\"contentLine\" align=\"center\" width=\"20%\">Stra\u00dfe<\/td><td class=\"contentLine\">F\u00f6rstereistra\u00dfe 21<\/td><\/tr><tr><td>\u00a0<\/td><td class=\"contentLine\" align=\"center\" width=\"20%\">Stadt<\/td><td class=\"contentLine\">D-01099 Dresden<\/td><\/tr><tr><td>\u00a0<\/td><td class=\"contentLine\" align=\"center\" width=\"20%\">Telefon<\/td><td class=\"contentLine\">0351\/8484999<\/td><\/tr><tr><td>\u00a0<\/td><td class=\"contentLine\" align=\"center\" width=\"20%\">E-Mail<\/td><td class=\"contentLine\"><a href=\"mailto:mail@jangrossmann.de\" target=\"_\">mail@sitzmodule.de<\/a><\/td><\/tr><tr><td colspan=\"3\">\u00a0<\/td><\/tr><tr><td width=\"10\">\u00a0<\/td><td class=\"contentLine\" colspan=\"2\" valign=\"top\"><p><br \/>Bildnachweis: <br \/>Hauptmen\u00fc: Bild 1+2, Dresden1: Bild 4\u00a0 \u00a0 \u00a0 \u00a0 \u00a0 \u00a0 \u00a0 \u00a0 \u00a0 \u00a0 \u00a0 \u00a0 \u00a0 \u00a0 \u00a0 \u00a0 \u00a0 \u00a0 Foto: Lothar Sprenger \u00a0\u00a0 \u00a0\u00a0 \u00a0\u00a0 \u00a0\u00a0 \u00a0\u00a0 \u00a0\u00a0 \u00a0\u00a0 \u00a0\u00a0 \u00a0\u00a0 <a href=\"http:\/\/www.losprenger.de\/\" target=\"_\" rel=\"noopener\">http:\/\/www.losprenger.de\/<\/a><\/p><p>&#8211; alle anderen Fotos: Jan Gro\u00dfmann<br \/><a href=\"mailto:\/\/mail@jangrossmann.de\" target=\"_\" rel=\"noopener\">\/\/mail@sitzmodule.de<\/a><\/p><p><a href=\"http:\/\/www.jangrossmann.de\/\" target=\"_blank\" rel=\"noopener\">\/\/www.jangrossmann.de<\/a><\/p><p>Hinweis: &#8211; Auf den Inhalt der Seiten, die per Link mit meiner verbunden sind, habe ich keinen Einfluss. Ich bin bem\u00fcht, nur seri\u00f6se Informationsangebote zu verlinken und erbitten, <br \/>mich dar\u00fcber zu informieren, wenn Seiten mit falschen Informationen, veralteten Angeboten oder gar strafrechtlich relevanten Inhalten \u00fcber Links mit mir verbunden sind.<br \/>Ich distanziere mich ausdr\u00fccklich von allen Inhalten verlinkter Seiten oder Grafiken und mache mir diese keinesfalls zu Eigen. <br \/>S\u00e4mtliche Verst\u00f6\u00dfe gegen geltendes Recht, Sitte oder Moral, welche mir bekannt werden, haben die sofortige L\u00f6schung von Eintr\u00e4gen, Grafiken oder \u00c4hnlichem zur Folge.<\/p><p>Stand: November 2021<\/p><\/td><\/tr><\/tbody><\/table><p>\u00a0\u00a0\u00a0\u00a0\u00a0\u00a0\u00a0\u00a0\u00a0\u00a0\u00a0\u00a0\u00a0\u00a0\u00a0\u00a0\u00a0\u00a0\u00a0\u00a0\u00a0\u00a0\u00a0\u00a0\u00a0\u00a0\u00a0\u00a0\u00a0\u00a0\u00a0\u00a0\u00a0\u00a0\u00a0\u00a0\u00a0\u00a0\u00a0\u00a0\u00a0\u00a0\u00a0\u00a0\u00a0\u00a0\u00a0\u00a0\u00a0\u00a0\u00a0\u00a0\u00a0\u00a0\u00a0\u00a0\u00a0\u00a0\u00a0\u00a0\u00a0\u00a0 ATELIER: \u00a0 <a href=\"https:\/\/goo.gl\/maps\/uW1ZLtC1LcT2\" target=\"_\" rel=\"noopener\">https:\/\/goo.gl\/maps\/uW1ZLtC1LcT2<\/a><\/p>\t\t\t\t\t\t\t\t<\/div>\n\t\t\t\t<\/div>\n\t\t\t\t\t<\/div>\n\t\t<\/div>\n\t\t\t\t\t<\/div>\n\t\t<\/section>\n\t\t\t\t<\/div>\n\t\t","protected":false},"excerpt":{"rendered":"<p>Impressum \u00a0 \u00a0 Name Jan Grossmann \u00a0 Stra\u00dfe F\u00f6rstereistra\u00dfe 21 \u00a0 Stadt D-01099 Dresden \u00a0 Telefon 0351\/8484999 \u00a0 E-Mail mail@sitzmodule.de \u00a0 \u00a0 Bildnachweis: Hauptmen\u00fc: Bild 1+2, Dresden1: Bild 4\u00a0 \u00a0 \u00a0 \u00a0 \u00a0 \u00a0 \u00a0 \u00a0 \u00a0 \u00a0 \u00a0 \u00a0 \u00a0 \u00a0 \u00a0 \u00a0 \u00a0 \u00a0 Foto: Lothar Sprenger \u00a0\u00a0 \u00a0\u00a0 \u00a0\u00a0 \u00a0\u00a0 \u00a0\u00a0 \u00a0\u00a0 \u00a0\u00a0 \u00a0\u00a0 \u00a0\u00a0 http:\/\/www.losprenger.de\/ &#8211; alle anderen Fotos: Jan Gro\u00dfmann\/\/mail@sitzmodule.de \/\/www.jangrossmann.de Hinweis: &#8211; Auf den Inhalt der Seiten, die per Link mit meiner verbunden sind, habe ich keinen Einfluss. Ich bin bem\u00fcht, nur seri\u00f6se Informationsangebote zu verlinken und erbitten, mich dar\u00fcber zu informieren, wenn Seiten mit falschen Informationen, veralteten Angeboten oder gar strafrechtlich relevanten Inhalten \u00fcber Links mit mir verbunden sind.Ich distanziere mich ausdr\u00fccklich von allen Inhalten verlinkter Seiten oder Grafiken und mache mir diese keinesfalls zu Eigen. S\u00e4mtliche Verst\u00f6\u00dfe gegen geltendes Recht, Sitte oder Moral, welche mir bekannt werden, haben die sofortige L\u00f6schung von Eintr\u00e4gen, Grafiken oder \u00c4hnlichem zur Folge. Stand: November 2021 \u00a0\u00a0\u00a0\u00a0\u00a0\u00a0\u00a0\u00a0\u00a0\u00a0\u00a0\u00a0\u00a0\u00a0\u00a0\u00a0\u00a0\u00a0\u00a0\u00a0\u00a0\u00a0\u00a0\u00a0\u00a0\u00a0\u00a0\u00a0\u00a0\u00a0\u00a0\u00a0\u00a0\u00a0\u00a0\u00a0\u00a0\u00a0\u00a0\u00a0\u00a0\u00a0\u00a0\u00a0\u00a0\u00a0\u00a0\u00a0\u00a0\u00a0\u00a0\u00a0\u00a0\u00a0\u00a0\u00a0\u00a0\u00a0\u00a0\u00a0\u00a0\u00a0 ATELIER: \u00a0 https:\/\/goo.gl\/maps\/uW1ZLtC1LcT2<\/p>\n","protected":false},"author":1,"featured_media":0,"parent":0,"menu_order":0,"comment_status":"closed","ping_status":"closed","template":"","meta":{"footnotes":""},"class_list":["post-361","page","type-page","status-publish","hentry"],"_links":{"self":[{"href":"https:\/\/sitzmodule.de\/index.php?rest_route=\/wp\/v2\/pages\/361","targetHints":{"allow":["GET"]}}],"collection":[{"href":"https:\/\/sitzmodule.de\/index.php?rest_route=\/wp\/v2\/pages"}],"about":[{"href":"https:\/\/sitzmodule.de\/index.php?rest_route=\/wp\/v2\/types\/page"}],"author":[{"embeddable":true,"href":"https:\/\/sitzmodule.de\/index.php?rest_route=\/wp\/v2\/users\/1"}],"replies":[{"embeddable":true,"href":"https:\/\/sitzmodule.de\/index.php?rest_route=%2Fwp%2Fv2%2Fcomments&post=361"}],"version-history":[{"count":32,"href":"https:\/\/sitzmodule.de\/index.php?rest_route=\/wp\/v2\/pages\/361\/revisions"}],"predecessor-version":[{"id":1292,"href":"https:\/\/sitzmodule.de\/index.php?rest_route=\/wp\/v2\/pages\/361\/revisions\/1292"}],"wp:attachment":[{"href":"https:\/\/sitzmodule.de\/index.php?rest_route=%2Fwp%2Fv2%2Fmedia&parent=361"}],"curies":[{"name":"wp","href":"https:\/\/api.w.org\/{rel}","templated":true}]}}